the remainder when 7218 is divided by 2399.
21
Calculate the remainder when 3427 is divided by 382.
371
What is the remainder when 291548 is divided by 13?
10
Calculate the remainder when 5649 is divided by 1776.
321
Calculate the remainder when 246938 is divided by 420.
398
What is the remainder when 47660 is divided by 15876?
32
Calculate the remainder when 680955 is divided by 140.
135
Calculate the remainder when 12078 is divided by 104.
14
Calculate the remainder when 1536 is divided by 1185.
351
Calculate the remainder when 15293 is divided by 3804.
77
What is the remainder when 9482 is divided by 42?
32
What is the remainder when 30921 is divided by 491?
479
Calculate the remainder when 25000 is divided by 9.
7
Calculate the remainder when 3999 is divided by 99.
39
What is the remainder when 31879 is divided by 15924?
31
Calculate the remainder when 254 is divided by 45.
29
Calculate the remainder when 15077 is divided by 3014.
7
Calculate the remainder when 128164 is divided by 141.
136
Calculate the remainder when 364590 is divided by 91145.
10
Calculate the remainder when 2327 is divided by 652.
371
What is the remainder when 3205 is divided by 535?
530
Calculate the remainder when 17495 is divided by 398.
381
What is the remainder when 2686 is divided by 160?
126
Calculate the remainder when 10194 is divided by 2038.
4
Calculate the remainder when 8063 is divided by 7994.
69
What is the remainder when 1310 is divided by 421?
47
Calculate the remainder when 828890 is divided by 6.
2
What is the remainder when 28458 is divided by 692?
86
What is the remainder when 3230 is divided by 1049?
83
What is the remainder when 1136 is divided by 58?
34
Calculate the remainder when 825 is divided by 43.
8
Calculate the remainder when 126240 is divided by 268.
12
What is the remainder when 1544 is divided by 137?
37
Calculate the remainder when 8678 is divided by 280.
278
Calculate the remainder when 1453 is divided by 526.
401
Calculate the remainder when 619708 is divided by 39.
37
Calculate the remainder when 357 is divided by 194.
163
Calculate the remainder when 27029 is divided by 120.
29
Calculate the remainder when 115452 is divided by 176.
172
Calculate the remainder when 1593 is divided by 46.
29
Calculate the remainder when 113410 is divided by 969.
37
What is the remainder when 113911 is divided by 9?
7
What is the remainder when 15434 is divided by 161?
139
Calculate the remainder when 117164 is divided by 126.
110
Calculate the remainder when 101113 is divided by 166.
19
Calculate the remainder when 5244 is divided by 5016.
228
Calculate the remainder when 406629 is divided by 70.
69
Calculate the remainder when 6206 is divided by 1272.
1118
What is the remainder when 109666 is divided by 17?
16
What is the remainder when 1885 is divided by 174?
145
What is the remainder when 9263 is divided by 4387?
489
What is the remainder when 214567 is divided by 73?
20
What is the remainder when 9583 is divided by 1195?
23
What is the remainder when 41829 is divided by 10372?
341
Calculate the remainder when 623380 is divided by 53.
47
Calculate the remainder when 430836 is divided by 174.
12
What is the remainder when 49485 is divided by 446?
425
What is the remainder when 4164 is divided by 39?
30
Calculate the remainder when 10582 is divided by 705.
7
Calculate the remainder when 10484 is divided by 274.
72
Calculate the remainder when 1394428 is divided by 19.
18
Calculate the remainder when 17200 is divided by 3434.
30
What is the remainder when 3747 is divided by 123?
57
What is the remainder when 883 is divided by 106?
35
Calculate the remainder when 8694 is divided by 477.
108
What is the remainder when 4830 is divided by 15?
0
Calculate the remainder when 507285 is divided by 183.
9
Calculate the remainder when 15342 is divided by 4.
2
What is the remainder when 1470 is divided by 1326?
144
Calculate the remainder when 21528 is divided by 692.
76
Calculate the remainder when 46149 is divided by 24.
21
Calculate the remainder when 511 is divided by 77.
49
Calculate the remainder when 21420 is divided by 10.
0
Calculate the remainder when 8694 is divided by 512.
502
What is the remainder when 62493 is divided by 631?
24
Calculate the remainder when 9099 is divided by 576.
459
What is the remainder when 8785 is divided by 3?
1
Calculate the remainder when 1793827 is divided by 896908.
11
What is the remainder when 52344 is divided by 8722?
12
What is the remainder when 43521 is divided by 31?
28
Calculate the remainder when 23774 is divided by 335.
324
Calculate the remainder when 25246 is divided by 8282.
400
What is the remainder when 3004 is divided by 252?
232
Calculate the remainder when 25376 is divided by 4226.
20
What is the remainder when 1084104 is divided by 23567?
22
What is the remainder when 146993 is divided by 1301?
1281
What is the remainder when 47023 is divided by 16?
15
Calculate the remainder when 1108377 is divided by 29.
26
What is the remainder when 199934 is divided by 16660?
14
What is the remainder when 3212 is divided by 189?
188
What is the remainder when 8371 is divided by 175?
146
Calculate the remainder when 326039 is divided by 22.
21
What is the remainder when 883767 is divided by 15?
12
Calculate the remainder when 1172 is divided by 267.
104
What is the remainder when 14231 is divided by 39?
35
What is the remainder when 826259 is divided by 6?
5
What is the remainder when 30301 is divided by 37?
35
What is the remainder when 2520 is divided by 315?
0
Calculate the remainder when 14360 is divided by 165.
5
Calculate the remainder when 1014002 is divided by 143.
132
What is the remainder when 53129 is divided by 67?
65
Calculate the remainder when 26896 is divided by 6.
4
What is the remainder when 6415 is divided by 256?
15
Calculate the remainder when 1681466 is divided by 45.
41
What is the remainder when 4099 is divided by 1503?
1093
Calculate the remainder when 39863 is divided by 243.
11
What is the remainder when 81955 is divided by 219?
49
Calculate the remainder when 15422 is divided by 53.
52
What is the remainder when 10462 is divided by 491?
151
What is the remainder when 40341 is divided by 267?
24
Calculate the remainder when 392895 is divided by 895.
885
What is the remainder when 140074 is divided by 140004?
70
Calculate the remainder when 898676 is divided by 23.
20
What is the remainder when 150040 is divided by 937?
120
Calculate the remainder when 2500 is divided by 59.
22
Calculate the remainder when 10208 is divided by 433.
249
Calculate the remainder when 3847 is divided by 172.
63
What is the remainder when 1115 is divided by 221?
10
What is the remainder when 12635 is divided by 268?
39
What is the remainder when 5631 is divided by 997?
646
What is the remainder when 6170 is divided by 4640?
1530
Calculate the remainder when 415756 is divided by 8.
4
Calculate the remainder when 12095 is divided by 72.
71
What is the remainder when 9304 is divided by 195?
139
What is the remainder when 175327 is divided by 87663?
1
Calculate the remainder when 1186 is divided by 952.
234
Calculate the remainder when 118792 is divided by 400.
392
What is the remainder when 15456 is divided by 27?
12
Calculate the remainder when 57818 is divided by 11557.
33
Calculate the remainder when 47258 is divided by 59.
58
What is the remainder when 5204 is divided by 2562?
80
Calculate the remainder when 23629 is divided by 17.
16
What is the remainder when 75153 is divided by 75075?
78
Calculate the remainder when 20205 is divided by 342.
27
Calculate the remainder when 7344 is divided by 61.
24
What is the remainder when 52235 is divided by 110?
95
Calculate the remainder when 468952 is divided by 71.
68
What is the remainder when 5617 is divided by 53?
52
Calculate the remainder when 59060 is divided by 26.
14
What is the remainder when 22340 is divided by 33?
32
Calculate the remainder when 171003 is divided by 1943.
19
Calculate the remainder when 169076 is divided by 14.
12
What is the remainder when 552428 is divided by 276209?
10
What is the remainder when 15548 is divided by 27?
23
Calculate the remainder when 534373 is divided by 36.
25
Calculate the remainder when 172794 is divided by 13.
